{"id":8740,"date":"2020-12-15T13:07:47","date_gmt":"2020-12-15T13:07:47","guid":{"rendered":"https:\/\/cicloescritoresnorte.com\/?page_id=8740"},"modified":"2023-08-24T23:57:40","modified_gmt":"2023-08-24T23:57:40","slug":"equipo","status":"publish","type":"page","link":"https:\/\/cicloescritoresnorte.com\/?page_id=8740","title":{"rendered":"Equipo"},"content":{"rendered":"<div class=\"wpb-content-wrapper\"><p>[vc_row][vc_column width=\u00bb1\/2&#8243;][vc_column_text css_animation=\u00bbbounceInDown\u00bb]<\/p>\n<p style=\"text-align: left;\"><img loading=\"lazy\" decoding=\"async\" class=\"wp-image-8753 size-medium alignleft\" src=\"https:\/\/cicloescritoresnorte.com\/wp-content\/uploads\/2020\/12\/robertobustamante-300x300.png\" alt=\"\" width=\"300\" height=\"300\" srcset=\"https:\/\/cicloescritoresnorte.com\/wp-content\/uploads\/2020\/12\/robertobustamante-300x300.png 300w, https:\/\/cicloescritoresnorte.com\/wp-content\/uploads\/2020\/12\/robertobustamante-100x100.png 100w, https:\/\/cicloescritoresnorte.com\/wp-content\/uploads\/2020\/12\/robertobustamante-600x600.png 600w, https:\/\/cicloescritoresnorte.com\/wp-content\/uploads\/2020\/12\/robertobustamante-150x150.png 150w, https:\/\/cicloescritoresnorte.com\/wp-content\/uploads\/2020\/12\/robertobustamante-60x60.png 60w, https:\/\/cicloescritoresnorte.com\/wp-content\/uploads\/2020\/12\/robertobustamante.png 640w\" sizes=\"(max-width: 300px) 100vw, 300px\" \/><strong>ROBERTO BUSTAMANTE COVARRUBIAS (Iquique, 1977).<\/strong><\/p>\n<p style=\"text-align: justify;\">Conductor del programa. Gestor del proyecto Ciclo de Escritores &amp; Creadores del Norte desde el 2019. Responsable de editorial Navaja. Responsable del <em>Festival MATUTE, Po\u00e9ticas Transfronterizas<\/em>, que se lleva a cabo en la regi\u00f3n de Tarapac\u00e1, y que en su edici\u00f3n 2020 se realiz\u00f3 de manera virtual (disponible en Youtube). Tallerista en <em>Gimnasio de Poes\u00eda<\/em>, talleres realizados en las comunas de Iquique y Alto Hospicio.<\/p>\n<p style=\"text-align: justify;\"><!--more-->Ha sido invitado a distintos encuentros de poes\u00eda y ferias del libro en Chile, Per\u00fa, Bolivia y M\u00e9xico. Public\u00f3 <em>Letras en movimiento. Recopilaci\u00f3n de escritos migrantes en Tarapac\u00e1<\/em> (en coautor\u00eda con Nanette Liberona), texto ganador del Fondo del Libro 2015, y el libro <em>Propiedad<\/em>, 2018.<\/p>\n<p>[\/vc_column_text][\/vc_column][vc_column width=\u00bb1\/2&#8243;][vc_column_text css_animation=\u00bbbounceInDown\u00bb css=\u00bb.vc_custom_1692921457977{background-color: #ffffff !important;}\u00bb][\/vc_column_text][\/vc_column][\/vc_row]<\/p>\n<\/div>","protected":false},"excerpt":{"rendered":"<p>[vc_row][vc_column width=\u00bb1\/2&#8243;][vc_column_text css_animation=\u00bbbounceInDown\u00bb] ROBERTO BUSTAMANTE COVARRUBIAS (Iquique, 1977). Conductor del programa. Gestor del proyecto Ciclo de Escritores &amp; Creadores del Norte desde el 2019. Responsable de editorial Navaja. Responsable del Festival MATUTE, Po\u00e9ticas Transfronterizas, que se lleva a cabo en la regi\u00f3n de Tarapac\u00e1, y que en su edici\u00f3n 2020 se realiz\u00f3 de manera virtual&#8230;<\/p>\n","protected":false},"author":1,"featured_media":8743,"parent":0,"menu_order":0,"comment_status":"closed","ping_status":"closed","template":"","meta":{"footnotes":""},"_links":{"self":[{"href":"https:\/\/cicloescritoresnorte.com\/index.php?rest_route=\/wp\/v2\/pages\/8740"}],"collection":[{"href":"https:\/\/cicloescritoresnorte.com\/index.php?rest_route=\/wp\/v2\/pages"}],"about":[{"href":"https:\/\/cicloescritoresnorte.com\/index.php?rest_route=\/wp\/v2\/types\/page"}],"author":[{"embeddable":true,"href":"https:\/\/cicloescritoresnorte.com\/index.php?rest_route=\/wp\/v2\/users\/1"}],"replies":[{"embeddable":true,"href":"https:\/\/cicloescritoresnorte.com\/index.php?rest_route=%2Fwp%2Fv2%2Fcomments&post=8740"}],"version-history":[{"count":0,"href":"https:\/\/cicloescritoresnorte.com\/index.php?rest_route=\/wp\/v2\/pages\/8740\/revisions"}],"wp:featuredmedia":[{"embeddable":true,"href":"https:\/\/cicloescritoresnorte.com\/index.php?rest_route=\/wp\/v2\/media\/8743"}],"wp:attachment":[{"href":"https:\/\/cicloescritoresnorte.com\/index.php?rest_route=%2Fwp%2Fv2%2Fmedia&parent=8740"}],"curies":[{"name":"wp","href":"https:\/\/api.w.org\/{rel}","templated":true}]}}

<div class="wpb-content-wrapper"><p>[vc_row][vc_column width=»1/2&#8243;][vc_column_text css_animation=»bounceInDown»]</p>
<p style="text-align: left;"><img loading="lazy" decoding="async" class="wp-image-8753 size-medium alignleft" src="https://cicloescritoresnorte.com/wp-content/uploads/2020/12/robertobustamante-300x300.png" alt="" width="300" height="300" srcset="https://cicloescritoresnorte.com/wp-content/uploads/2020/12/robertobustamante-300x300.png 300w, https://cicloescritoresnorte.com/wp-content/uploads/2020/12/robertobustamante-100x100.png 100w, https://cicloescritoresnorte.com/wp-content/uploads/2020/12/robertobustamante-600x600.png 600w, https://cicloescritoresnorte.com/wp-content/uploads/2020/12/robertobustamante-150x150.png 150w, https://cicloescritoresnorte.com/wp-content/uploads/2020/12/robertobustamante-60x60.png 60w, https://cicloescritoresnorte.com/wp-content/uploads/2020/12/robertobustamante.png 640w" sizes="(max-width: 300px) 100vw, 300px" /><strong>ROBERTO BUSTAMANTE COVARRUBIAS (Iquique, 1977).</strong></p>
<p style="text-align: justify;">Conductor del programa. Gestor del proyecto Ciclo de Escritores &amp; Creadores del Norte desde el 2019. Responsable de editorial Navaja. Responsable del <em>Festival MATUTE, Poéticas Transfronterizas</em>, que se lleva a cabo en la región de Tarapacá, y que en su edición 2020 se realizó de manera virtual (disponible en Youtube). Tallerista en <em>Gimnasio de Poesía</em>, talleres realizados en las comunas de Iquique y Alto Hospicio.</p>
<p style="text-align: justify;"><!--more-->Ha sido invitado a distintos encuentros de poesía y ferias del libro en Chile, Perú, Bolivia y México. Publicó <em>Letras en movimiento. Recopilación de escritos migrantes en Tarapacá</em> (en coautoría con Nanette Liberona), texto ganador del Fondo del Libro 2015, y el libro <em>Propiedad</em>, 2018.</p>
<p>[/vc_column_text][/vc_column][vc_column width=»1/2&#8243;][vc_column_text css_animation=»bounceInDown» css=».vc_custom_1692921457977{background-color: #ffffff !important;}»][/vc_column_text][/vc_column][/vc_row]</p>
</div>

<p>[vc_row][vc_column width=»1/2&#8243;][vc_column_text css_animation=»bounceInDown»] ROBERTO BUSTAMANTE COVARRUBIAS (Iquique, 1977). Conductor del programa. Gestor del proyecto Ciclo de Escritores &amp; Creadores del Norte desde el 2019. Responsable de editorial Navaja. Responsable del Festival MATUTE, Poéticas Transfronterizas, que se lleva a cabo en la región de Tarapacá, y que en su edición 2020 se realizó de manera virtual&#8230;</p>
